of 978?
True
Is 12745 a factor of 5930108305?
True
Is 47 a factor of 9772381?
True
Is 94 a factor of 377435474?
True
Does 55 divide 439722360?
True
Is 241 a factor of 250802858?
False
Does 29 divide 949730824?
False
Does 55 divide 129248202?
False
Is 2090679281 a multiple of 8?
False
Does 13 divide 23740691?
True
Is 120 a factor of 51391239?
False
Is 2452416670 a multiple of 302?
True
Is 363 a factor of 125095204?
False
Is 31 a factor of 196438349?
False
Does 376 divide 237893287?
False
Does 731 divide 693983742?
False
Is 4 a factor of 5820073?
False
Does 10 divide 915849257?
False
Is 6 a factor of 169905427?
False
Is 659797223 a multiple of 31?
False
Is 41398562 a multiple of 60?
False
Is 112 a factor of 87871280?
True
Is 208 a factor of 40142128?
True
Is 8567729 a multiple of 37?
False
Does 163 divide 89023965?
False
Is 7859 a factor of 2005876147?
True
Is 1664815194 a multiple of 63?
True
Is 11 a factor of 8865769?
True
Is 1318942402 a multiple of 28?
False
Is 426787221 a multiple of 12?
False
Does 895 divide 506917404?
False
Does 56 divide 27827495?
False
Is 680 a factor of 21902120?
True
Does 4 divide 37798032?
True
Is 1458270372 a multiple of 24?
False
Is 8030267 a multiple of 1084?
False
Is 603001968 a multiple of 272?
True
Does 268 divide 179617572?
False
Is 227362830 a multiple of 281?
False
Does 1011 divide 668344232?
False
Does 10 divide 86971810?
True
Is 1008846 a multiple of 522?
False
Is 435 a factor of 1780083919?
False
Is 73 a factor of 2335793525?
False
Does 4 divide 1439893273?
False
Is 23 a factor of 261207429?
False
Is 37872869 a multiple of 15?
False
Does 2 divide 16615317?
False
Is 2233 a factor of 378070293?
False
Is 4438634950 a multiple of 15193?
True
Does 63 divide 700309260?
True
Does 17 divide 10845099?
True
Is 71765930 a multiple of 1539?
False
Is 338017763 a multiple of 9?
False
Does 90 divide 22255200?
True
Is 37 a factor of 38661573?
False
Is 1174227264 a multiple of 3264?
True
Does 1614 divide 2348896179?
False
Is 8189235 a multiple of 15?
True
Is 12620560 a multiple of 20?
True
Is 1575458305 a multiple of 253?
False
Does 1193 divide 865918769?
True
Is 55 a factor of 5776864115?
True
Is 283 a factor of 2057533609?
False
Does 6 divide 109361342?
False
Is 6450444 a multiple of 1386?
True
Does 1311 divide 372406352?
False
Is 24224661 a multiple of 321?
False
Is 58618454 a multiple of 185?
False
Is 680571045 a multiple of 21?
True
Is 1614 a factor of 9916874?
False
Is 1604 a factor of 246561993?
False
Is 1938058124 a multiple of 281?
True
Is 42 a factor of 6117510?
True
Is 140800188 a multiple of 204?
True
Does 132 divide 19753800?
True
Is 9796172 a multiple of 513?
False
Does 29 divide 34285663?
False
Is 28 a factor of 4148019566?
False
Is 424680728 a multiple of 36?
False
Is 904 a factor of 794149?
False
Is 564129505 a multiple of 1051?
True
Is 6013575 a multiple of 4?
False
Is 20 a factor of 8153746500?
True
Is 159021370 a multiple of 267?
False
Is 12 a factor of 74590512?
True
Does 19 divide 175319384?
True
Is 2544 a factor of 487410048?
True
Does 175 divide 129538150?
True
Is 50735264 a multiple of 8?
True
Is 38 a factor of 972040?
True
Is 83 a factor of 284840479?
True
Is 46252356 a multiple of 206?
True
Is 75128534 a multiple of 33?
False
Is 229026852 a multiple of 6?
True
Is 834385114 a multiple of 157?
False
Is 122932556 a multiple of 136?
False
Does 3 divide 497253946?
False
Does 31 divide 81714450?
True
Does 27 divide 85599297?
False
Is 503347605 a multiple of 7610?
False
Is 9185559 a multiple of 3?
True
Does 273 divide 680276415?
True
Does 85 divide 5672116895?
True
Is 531367107 a multiple of 308?
False
Does 79 divide 75900028?
False
Does 17 divide 625705536?
True
Is 2175 a factor of 2479761000?
True
Is 19 a factor of 59781866?
True
Is 110 a factor of 105016763?
False
Is 31 a factor of 44734566?
False
Is 4885235 a multiple of 105?
False
Is 5 a factor of 69934659?
False
Does 594 divide 17193330?
True
Does 510 divide 574138317?
False
Is 21391245 a multiple of 5?
True
Is 70027308 a multiple of 818?
False
Does 3 divide 69916740?
True
Is 156017138 a multiple of 561?
False
Does 1322 divide 31084017?
False
Is 2 a factor of 209228261?
False
Is 1093944619 a multiple of 14?
False
Is 42105690 a multiple of 495?
True
Is 12 a factor of 467379910?
False
Is 57470865 a multiple of 13?
False
Is 12332610 a multiple of 9?
True
Does 621 divide 873286218?
True
Is 67595898 a multiple of 201?
True
Is 13 a factor of 373619363?
True
Does 59 divide 256839114?
False
Is 31 a factor of 871390253?
True
Is 37984186 a multiple of 364?
False
Does 108 divide 17064456?
False
Is 324 a factor of 209140380?
True
Is 1724 a factor of 410930189?
False
Does 594 divide 179347990?
False
Is 221 a factor of 4040076?
False
Is 3165750 a multiple of 30?
True
Is 3384735 a multiple of 87?
True
Does 48 divide 31910544?
True
Is 481891718 a multiple of 266?
True
Is 8029 a factor of 982359928?
False
Is 1405 a factor of 26069647?
False
Is 23 a factor of 2575126?
True
Is 134 a factor of 60239164?
True
Does 891 divide 1160475365?
False
Is 115 a factor of 93134475?
True
Is 1063462680 a multiple of 1764?
True
Is 3184108932 a multiple of 59?
True
Is 22 a factor of 32099443?
False
Is 9 a factor of 70001460?
True
Does 8522 divide 2829238960?
False
Is 2 a factor of 921023?
False
Is 1348044362 a multiple of 14?
True
Is 3441137 a multiple of 7?
True
Is 20 a factor of 1897813180?
True
Is 1305 a factor of 44932498?
False
Is 31360095 a multiple of 65?
True
Does 20 divide 43990986?
False
Does 9 divide 61593057?
True
Is 5 a factor of 240464332?
False
Is 143 a factor of 1035711248?
True
Does 356 divide 199078809?
False
Does 520 divide 558781689?
False
Does 5 divide 1502278?
False
Does 5 divide 85823917?
False
Is 384 a factor of 7638228480?
True
Is 2337474066 a multiple of 1343?
False
Is 291 a factor of 27738978?
False
Is 1218 a factor of 1037084370?
True
Is 3789709386 a multiple of 24?
False
Is 35 a factor of 1823656596?
False
Is 10512506 a multiple of 4?
False
Is 86703638 a multiple of 1207?
True
Is 1205 a factor of 611066345?
True
Is 140008024 a multiple of 3692?
True
Is 740 a factor of 22076951?
False
Does 18 divide 13506136?
False
Is 3482859 a multiple of 2540?
False
Is 11818653 a multiple of 11?
True
Is 40105536 a multiple of 96?
True
Does 5787 divide 1005155604?
True
Is 38476298 a multiple of 14?
True
Is 768 a factor of 936343267?
False
Does 71 divide 217719725?
True
Is 199 a factor of 1135947176?
False
Does 3029 divide 47388705?
True
Is 11727012 a multiple of 292?
True
Is 30638710 a multiple of 3490?
True
Does 1188 divide 410481324?
True
Is 25100781 a multiple of 12?
False
Is 43219338 a multiple of 769?
True
Is 187 a factor of 2475963495?
False
Is 3 a factor of 9419915?
False
Is 7 a factor of 27966675?
False
Is 50019 a multiple of 3?
True
Does 19 divide 25966210?
False
Is 230 a factor of 41411624?
False
Does 6 divide 24415542?
True
Does 901 divide 182245501?
False
Does 5 divide 1067782?
False
Does 13 divide 9870894?
False
Does 4 divide 114531951?
False
Does 3 divide 89041141?
False
Is 11777493 a multiple of 147?
True
Is 3681427 a multiple of 169?
False
Does 330 divide 41836740?
True
Is 1858674597 a multiple of 39?
True
Is 49602852 a multiple of 526?
True
Is 26812910 a multiple of 48?
False
Does 389 divide 35799281?
True
Is 2305969584 a multiple of 74?
False
Is 2865 a factor of 83205330?
True
Is 43 a factor of 1007870427?
False
Is 79026185 a multiple of 66?
False
Is 604592898 a multiple of 254?
True
Is 7225025 a multiple of 5?
True
Is 18120384 a multiple of 579?
True
Does 5 divide 206792015?
True
Is 28259168 a multiple of 1448?
True
Is 9815013 a multiple of 69?
False
Does 826 divide 421415223?
False
Does 45 divide 526486455?
True
Is 307285604 a multiple of 151?
True
Is 125 a factor of 14220250?
True
Is 282401527 a multiple of 425?
False
Is 13 a factor of 44968768?
True
Is 250 a factor of 996601978?
False
Is 64584972 a multiple of 51?
True
Is 39990158 a multiple of 13?
True
Does 302 divide 468670166?
False
Is 2899883364 a multiple of 1907?
True
Is 1231859154 a multiple of 208?
False
Does 12 divide 194061384?
True
Is 698332544 a multiple of 9352?
True
Is 12 a factor of 62289132?
True
Is 15 a factor of 2504569934?
False
Is 62 a factor of 1536850595?
False
Is 71 a fa